{"id":56,"date":"2021-03-22T12:00:54","date_gmt":"2021-03-22T11:00:54","guid":{"rendered":"http:\/\/zlobek3plock.pl\/?page_id=56"},"modified":"2025-09-04T07:04:18","modified_gmt":"2025-09-04T05:04:18","slug":"grupa-iii-dzieci-najstarsze-sloneczka","status":"publish","type":"page","link":"https:\/\/zlobek3plock.pl\/?page_id=56","title":{"rendered":"Grupa I &#8211; &#8220;Misie&#8221;"},"content":{"rendered":"\n<figure class=\"wp-block-image size-full\"><img loading=\"lazy\" decoding=\"async\" width=\"307\" height=\"307\" src=\"https:\/\/zlobek3plock.pl\/wp-content\/uploads\/2025\/09\/obraz-2.png\" alt=\"\" class=\"wp-image-1654\" srcset=\"https:\/\/zlobek3plock.pl\/wp-content\/uploads\/2025\/09\/obraz-2.png 307w, https:\/\/zlobek3plock.pl\/wp-content\/uploads\/2025\/09\/obraz-2-300x300.png 300w, https:\/\/zlobek3plock.pl\/wp-content\/uploads\/2025\/09\/obraz-2-150x150.png 150w\" sizes=\"auto, (max-width: 307px) 100vw, 307px\" \/><\/figure>\n\n\n\n<figure class=\"wp-block-pullquote\"><blockquote><p>Najm\u0142odsza grupowa wiekowo. Liczy 20 dzieci oraz 4 opiekun\u00f3w. Najm\u0142odszy podopieczny nie mo\u017ce by\u0107 m\u0142odszy ni\u017c 20 tydzie\u0144 \u017cycia.<br>\u00a0<br>Opiekunowie:<br>Molenda Barbara<br>Olszewska Monika<br>Pi\u0105tek Beata<br>\u017b\u00f3\u0142ta\u0144ska Marzena<br>Obs\u0142uga:<br>Skierkowska Jadwiga<\/p><\/blockquote><\/figure>\n","protected":false},"excerpt":{"rendered":"<p>Najm\u0142odsza grupowa wiekowo. Liczy 20 dzieci oraz 4 opiekun\u00f3w. Najm\u0142odszy podopieczny nie mo\u017ce by\u0107 m\u0142odszy ni\u017c 20 tydzie\u0144 \u017cycia.\u00a0Opiekunowie:Molenda BarbaraOlszewska MonikaPi\u0105tek Beata\u017b\u00f3\u0142ta\u0144ska MarzenaObs\u0142uga:Skierkowska Jadwiga<\/p>\n","protected":false},"author":1,"featured_media":0,"parent":0,"menu_order":0,"comment_status":"closed","ping_status":"closed","template":"","meta":{"footnotes":""},"class_list":["post-56","page","type-page","status-publish","hentry"],"yoast_head":"<!-- This site is optimized with the Yoast SEO plugin v24.9 - https:\/\/yoast.com\/wordpress\/plugins\/seo\/ -->\n<title>Grupa I - &quot;Misie&quot; - \u017b\u0142obek Miejski nr 3 w P\u0142ocku<\/title>\n<meta name=\"robots\" content=\"index, follow, max-snippet:-1, max-image-preview:large, max-video-preview:-1\" \/>\n<link rel=\"canonical\" href=\"https:\/\/zlobek3plock.pl\/?page_id=56\" \/>\n<meta property=\"og:locale\" content=\"en_US\" \/>\n<meta property=\"og:type\" content=\"article\" \/>\n<meta property=\"og:title\" content=\"Grupa I - &quot;Misie&quot; - \u017b\u0142obek Miejski nr 3 w P\u0142ocku\" \/>\n<meta property=\"og:description\" content=\"Najm\u0142odsza grupowa wiekowo. Liczy 20 dzieci oraz 4 opiekun\u00f3w. Najm\u0142odszy podopieczny nie mo\u017ce by\u0107 m\u0142odszy ni\u017c 20 tydzie\u0144 \u017cycia.\u00a0Opiekunowie:Molenda BarbaraOlszewska MonikaPi\u0105tek Beata\u017b\u00f3\u0142ta\u0144ska MarzenaObs\u0142uga:Skierkowska Jadwiga\" \/>\n<meta property=\"og:url\" content=\"https:\/\/zlobek3plock.pl\/?page_id=56\" \/>\n<meta property=\"og:site_name\" content=\"\u017b\u0142obek Miejski nr 3 w P\u0142ocku\" \/>\n<meta property=\"article:modified_time\" content=\"2025-09-04T05:04:18+00:00\" \/>\n<meta property=\"og:image\" content=\"https:\/\/zlobek3plock.pl\/wp-content\/uploads\/2025\/09\/obraz-2.png\" \/>\n\t<meta property=\"og:image:width\" content=\"307\" \/>\n\t<meta property=\"og:image:height\" content=\"307\" \/>\n\t<meta property=\"og:image:type\" content=\"image\/png\" \/>\n<meta name=\"twitter:card\" content=\"summary_large_image\" \/>\n<meta name=\"twitter:label1\" content=\"Est. reading time\" \/>\n\t<meta name=\"twitter:data1\" content=\"1 minute\" \/>\n<script type=\"application\/ld+json\" class=\"yoast-schema-graph\">{\"@context\":\"https:\/\/schema.org\",\"@graph\":[{\"@type\":\"WebPage\",\"@id\":\"https:\/\/zlobek3plock.pl\/?page_id=56\",\"url\":\"https:\/\/zlobek3plock.pl\/?page_id=56\",\"name\":\"Grupa I - \\\"Misie\\\" - \u017b\u0142obek Miejski nr 3 w P\u0142ocku\",\"isPartOf\":{\"@id\":\"https:\/\/zlobek3plock.pl\/#website\"},\"primaryImageOfPage\":{\"@id\":\"https:\/\/zlobek3plock.pl\/?page_id=56#primaryimage\"},\"image\":{\"@id\":\"https:\/\/zlobek3plock.pl\/?page_id=56#primaryimage\"},\"thumbnailUrl\":\"https:\/\/zlobek3plock.pl\/wp-content\/uploads\/2025\/09\/obraz-2.png\",\"datePublished\":\"2021-03-22T11:00:54+00:00\",\"dateModified\":\"2025-09-04T05:04:18+00:00\",\"breadcrumb\":{\"@id\":\"https:\/\/zlobek3plock.pl\/?page_id=56#breadcrumb\"},\"inLanguage\":\"en-US\",\"potentialAction\":[{\"@type\":\"ReadAction\",\"target\":[\"https:\/\/zlobek3plock.pl\/?page_id=56\"]}]},{\"@type\":\"ImageObject\",\"inLanguage\":\"en-US\",\"@id\":\"https:\/\/zlobek3plock.pl\/?page_id=56#primaryimage\",\"url\":\"https:\/\/zlobek3plock.pl\/wp-content\/uploads\/2025\/09\/obraz-2.png\",\"contentUrl\":\"https:\/\/zlobek3plock.pl\/wp-content\/uploads\/2025\/09\/obraz-2.png\",\"width\":307,\"height\":307},{\"@type\":\"BreadcrumbList\",\"@id\":\"https:\/\/zlobek3plock.pl\/?page_id=56#breadcrumb\",\"itemListElement\":[{\"@type\":\"ListItem\",\"position\":1,\"name\":\"Home\",\"item\":\"https:\/\/zlobek3plock.pl\/\"},{\"@type\":\"ListItem\",\"position\":2,\"name\":\"Grupa I &#8211; &#8222;Misie&#8221;\"}]},{\"@type\":\"WebSite\",\"@id\":\"https:\/\/zlobek3plock.pl\/#website\",\"url\":\"https:\/\/zlobek3plock.pl\/\",\"name\":\"\u017b\u0142obek Miejski nr 3 w P\u0142ocku\",\"description\":\"\",\"potentialAction\":[{\"@type\":\"SearchAction\",\"target\":{\"@type\":\"EntryPoint\",\"urlTemplate\":\"https:\/\/zlobek3plock.pl\/?s={search_term_string}\"},\"query-input\":{\"@type\":\"PropertyValueSpecification\",\"valueRequired\":true,\"valueName\":\"search_term_string\"}}],\"inLanguage\":\"en-US\"}]}<\/script>\n<!-- \/ Yoast SEO plugin. -->","yoast_head_json":{"title":"Grupa I - \"Misie\" - \u017b\u0142obek Miejski nr 3 w P\u0142ocku","robots":{"index":"index","follow":"follow","max-snippet":"max-snippet:-1","max-image-preview":"max-image-preview:large","max-video-preview":"max-video-preview:-1"},"canonical":"https:\/\/zlobek3plock.pl\/?page_id=56","og_locale":"en_US","og_type":"article","og_title":"Grupa I - \"Misie\" - \u017b\u0142obek Miejski nr 3 w P\u0142ocku","og_description":"Najm\u0142odsza grupowa wiekowo. Liczy 20 dzieci oraz 4 opiekun\u00f3w. Najm\u0142odszy podopieczny nie mo\u017ce by\u0107 m\u0142odszy ni\u017c 20 tydzie\u0144 \u017cycia.\u00a0Opiekunowie:Molenda BarbaraOlszewska MonikaPi\u0105tek Beata\u017b\u00f3\u0142ta\u0144ska MarzenaObs\u0142uga:Skierkowska Jadwiga","og_url":"https:\/\/zlobek3plock.pl\/?page_id=56","og_site_name":"\u017b\u0142obek Miejski nr 3 w P\u0142ocku","article_modified_time":"2025-09-04T05:04:18+00:00","og_image":[{"width":307,"height":307,"url":"https:\/\/zlobek3plock.pl\/wp-content\/uploads\/2025\/09\/obraz-2.png","type":"image\/png"}],"twitter_card":"summary_large_image","twitter_misc":{"Est. reading time":"1 minute"},"schema":{"@context":"https:\/\/schema.org","@graph":[{"@type":"WebPage","@id":"https:\/\/zlobek3plock.pl\/?page_id=56","url":"https:\/\/zlobek3plock.pl\/?page_id=56","name":"Grupa I - \"Misie\" - \u017b\u0142obek Miejski nr 3 w P\u0142ocku","isPartOf":{"@id":"https:\/\/zlobek3plock.pl\/#website"},"primaryImageOfPage":{"@id":"https:\/\/zlobek3plock.pl\/?page_id=56#primaryimage"},"image":{"@id":"https:\/\/zlobek3plock.pl\/?page_id=56#primaryimage"},"thumbnailUrl":"https:\/\/zlobek3plock.pl\/wp-content\/uploads\/2025\/09\/obraz-2.png","datePublished":"2021-03-22T11:00:54+00:00","dateModified":"2025-09-04T05:04:18+00:00","breadcrumb":{"@id":"https:\/\/zlobek3plock.pl\/?page_id=56#breadcrumb"},"inLanguage":"en-US","potentialAction":[{"@type":"ReadAction","target":["https:\/\/zlobek3plock.pl\/?page_id=56"]}]},{"@type":"ImageObject","inLanguage":"en-US","@id":"https:\/\/zlobek3plock.pl\/?page_id=56#primaryimage","url":"https:\/\/zlobek3plock.pl\/wp-content\/uploads\/2025\/09\/obraz-2.png","contentUrl":"https:\/\/zlobek3plock.pl\/wp-content\/uploads\/2025\/09\/obraz-2.png","width":307,"height":307},{"@type":"BreadcrumbList","@id":"https:\/\/zlobek3plock.pl\/?page_id=56#breadcrumb","itemListElement":[{"@type":"ListItem","position":1,"name":"Home","item":"https:\/\/zlobek3plock.pl\/"},{"@type":"ListItem","position":2,"name":"Grupa I &#8211; &#8222;Misie&#8221;"}]},{"@type":"WebSite","@id":"https:\/\/zlobek3plock.pl\/#website","url":"https:\/\/zlobek3plock.pl\/","name":"\u017b\u0142obek Miejski nr 3 w P\u0142ocku","description":"","potentialAction":[{"@type":"SearchAction","target":{"@type":"EntryPoint","urlTemplate":"https:\/\/zlobek3plock.pl\/?s={search_term_string}"},"query-input":{"@type":"PropertyValueSpecification","valueRequired":true,"valueName":"search_term_string"}}],"inLanguage":"en-US"}]}},"_links":{"self":[{"href":"https:\/\/zlobek3plock.pl\/index.php?rest_route=\/wp\/v2\/pages\/56","targetHints":{"allow":["GET"]}}],"collection":[{"href":"https:\/\/zlobek3plock.pl\/index.php?rest_route=\/wp\/v2\/pages"}],"about":[{"href":"https:\/\/zlobek3plock.pl\/index.php?rest_route=\/wp\/v2\/types\/page"}],"author":[{"embeddable":true,"href":"https:\/\/zlobek3plock.pl\/index.php?rest_route=\/wp\/v2\/users\/1"}],"replies":[{"embeddable":true,"href":"https:\/\/zlobek3plock.pl\/index.php?rest_route=%2Fwp%2Fv2%2Fcomments&post=56"}],"version-history":[{"count":22,"href":"https:\/\/zlobek3plock.pl\/index.php?rest_route=\/wp\/v2\/pages\/56\/revisions"}],"predecessor-version":[{"id":1656,"href":"https:\/\/zlobek3plock.pl\/index.php?rest_route=\/wp\/v2\/pages\/56\/revisions\/1656"}],"wp:attachment":[{"href":"https:\/\/zlobek3plock.pl\/index.php?rest_route=%2Fwp%2Fv2%2Fmedia&parent=56"}],"curies":[{"name":"wp","href":"https:\/\/api.w.org\/{rel}","templated":true}]}}

<figure class="wp-block-image size-full"><img loading="lazy" decoding="async" width="307" height="307" src="https://zlobek3plock.pl/wp-content/uploads/2025/09/obraz-2.png" alt="" class="wp-image-1654" srcset="https://zlobek3plock.pl/wp-content/uploads/2025/09/obraz-2.png 307w, https://zlobek3plock.pl/wp-content/uploads/2025/09/obraz-2-300x300.png 300w, https://zlobek3plock.pl/wp-content/uploads/2025/09/obraz-2-150x150.png 150w" sizes="auto, (max-width: 307px) 100vw, 307px" /></figure>



<figure class="wp-block-pullquote"><blockquote><p>Najmłodsza grupowa wiekowo. Liczy 20 dzieci oraz 4 opiekunów. Najmłodszy podopieczny nie może być młodszy niż 20 tydzień życia.<br> <br>Opiekunowie:<br>Molenda Barbara<br>Olszewska Monika<br>Piątek Beata<br>Żółtańska Marzena<br>Obsługa:<br>Skierkowska Jadwiga</p></blockquote></figure>

<p>Najmłodsza grupowa wiekowo. Liczy 20 dzieci oraz 4 opiekunów. Najmłodszy podopieczny nie może być młodszy niż 20 tydzień życia. Opiekunowie:Molenda BarbaraOlszewska MonikaPiątek BeataŻółtańska MarzenaObsługa:Skierkowska Jadwiga</p>

<!-- This site is optimized with the Yoast SEO plugin v24.9 - https://yoast.com/wordpress/plugins/seo/ -->
<title>Grupa I - &quot;Misie&quot; - Żłobek Miejski nr 3 w Płocku</title>
<meta name="robots" content="index, follow, max-snippet:-1, max-image-preview:large, max-video-preview:-1" />
<link rel="canonical" href="https://zlobek3plock.pl/?page_id=56" />
<meta property="og:locale" content="en_US" />
<meta property="og:type" content="article" />
<meta property="og:title" content="Grupa I - &quot;Misie&quot; - Żłobek Miejski nr 3 w Płocku" />
<meta property="og:description" content="Najmłodsza grupowa wiekowo. Liczy 20 dzieci oraz 4 opiekunów. Najmłodszy podopieczny nie może być młodszy niż 20 tydzień życia. Opiekunowie:Molenda BarbaraOlszewska MonikaPiątek BeataŻółtańska MarzenaObsługa:Skierkowska Jadwiga" />
<meta property="og:url" content="https://zlobek3plock.pl/?page_id=56" />
<meta property="og:site_name" content="Żłobek Miejski nr 3 w Płocku" />
<meta property="article:modified_time" content="2025-09-04T05:04:18+00:00" />
<meta property="og:image" content="https://zlobek3plock.pl/wp-content/uploads/2025/09/obraz-2.png" />
	<meta property="og:image:width" content="307" />
	<meta property="og:image:height" content="307" />
	<meta property="og:image:type" content="image/png" />
<meta name="twitter:card" content="summary_large_image" />
<meta name="twitter:label1" content="Est. reading time" />
	<meta name="twitter:data1" content="1 minute" />
<script type="application/ld+json" class="yoast-schema-graph">{"@context":"https://schema.org","@graph":[{"@type":"WebPage","@id":"https://zlobek3plock.pl/?page_id=56","url":"https://zlobek3plock.pl/?page_id=56","name":"Grupa I - \"Misie\" - Żłobek Miejski nr 3 w Płocku","isPartOf":{"@id":"https://zlobek3plock.pl/#website"},"primaryImageOfPage":{"@id":"https://zlobek3plock.pl/?page_id=56#primaryimage"},"image":{"@id":"https://zlobek3plock.pl/?page_id=56#primaryimage"},"thumbnailUrl":"https://zlobek3plock.pl/wp-content/uploads/2025/09/obraz-2.png","datePublished":"2021-03-22T11:00:54+00:00","dateModified":"2025-09-04T05:04:18+00:00","breadcrumb":{"@id":"https://zlobek3plock.pl/?page_id=56#breadcrumb"},"inLanguage":"en-US","potentialAction":[{"@type":"ReadAction","target":["https://zlobek3plock.pl/?page_id=56"]}]},{"@type":"ImageObject","inLanguage":"en-US","@id":"https://zlobek3plock.pl/?page_id=56#primaryimage","url":"https://zlobek3plock.pl/wp-content/uploads/2025/09/obraz-2.png","contentUrl":"https://zlobek3plock.pl/wp-content/uploads/2025/09/obraz-2.png","width":307,"height":307},{"@type":"BreadcrumbList","@id":"https://zlobek3plock.pl/?page_id=56#breadcrumb","itemListElement":[{"@type":"ListItem","position":1,"name":"Home","item":"https://zlobek3plock.pl/"},{"@type":"ListItem","position":2,"name":"Grupa I &#8211; &#8222;Misie&#8221;"}]},{"@type":"WebSite","@id":"https://zlobek3plock.pl/#website","url":"https://zlobek3plock.pl/","name":"Żłobek Miejski nr 3 w Płocku","description":"","potentialAction":[{"@type":"SearchAction","target":{"@type":"EntryPoint","urlTemplate":"https://zlobek3plock.pl/?s={search_term_string}"},"query-input":{"@type":"PropertyValueSpecification","valueRequired":true,"valueName":"search_term_string"}}],"inLanguage":"en-US"}]}</script>
<!-- / Yoast SEO plugin. -->

Grupa I - "Misie" - Żłobek Miejski nr 3 w Płocku

Najmłodsza grupowa wiekowo. Liczy 20 dzieci oraz 4 opiekunów. Najmłodszy podopieczny nie może być młodszy niż 20 tydzień życia. Opiekunowie:Molenda BarbaraOlszewska MonikaPiątek BeataŻółtańska MarzenaObsługa:Skierkowska Jadwiga

Żłobek Miejski nr 3 w Płocku
