{"id":55,"date":"2021-03-22T12:00:54","date_gmt":"2021-03-22T11:00:54","guid":{"rendered":"http:\/\/zlobek3plock.pl\/?page_id=55"},"modified":"2026-03-30T08:02:36","modified_gmt":"2026-03-30T06:02:36","slug":"grupa-ii-dzieci-srednie-misie","status":"publish","type":"page","link":"https:\/\/zlobek3plock.pl\/?page_id=55","title":{"rendered":"Grupa III &#8211; &#8220;Biedronki&#8221;"},"content":{"rendered":"\n<p class=\"has-text-align-center\"><\/p>\n\n\n<div class=\"wp-block-image\">\n<figure class=\"alignleft size-full is-resized\"><img loading=\"lazy\" decoding=\"async\" width=\"362\" height=\"362\" src=\"https:\/\/zlobek3plock.pl\/wp-content\/uploads\/2025\/09\/obraz.png\" alt=\"\" class=\"wp-image-1648\" style=\"width:344px;height:auto\" srcset=\"https:\/\/zlobek3plock.pl\/wp-content\/uploads\/2025\/09\/obraz.png 362w, https:\/\/zlobek3plock.pl\/wp-content\/uploads\/2025\/09\/obraz-300x300.png 300w, https:\/\/zlobek3plock.pl\/wp-content\/uploads\/2025\/09\/obraz-150x150.png 150w\" sizes=\"auto, (max-width: 362px) 100vw, 362px\" \/><\/figure>\n<\/div>\n\n\n<p class=\"has-text-align-center\"><\/p>\n\n\n\n<p><\/p>\n\n\n<p><strong>Grupa liczy 34 dzieci i pi\u0119cioro opiekun\u00f3w. Jest grup\u0105 dwu-trzyletnich dzieci. Wi\u0119kszo\u015b\u0107 dzieci odchodzi w roku 2026 do przedszkola. <\/strong><\/p>\n<p style=\"text-align: center;\"><strong>Opiekunki:<\/strong><\/p>\n<p style=\"text-align: center;\">Bilecka Anna<\/p>\n<p style=\"text-align: center;\">Le\u015bniewska Anna<\/p>\n<p style=\"text-align: center;\">Gzylewska Martyna<\/p>\n<p style=\"text-align: center;\">Marciniak Anna<\/p>\n<p style=\"text-align: center;\">Suwa\u0142a Katarzyna<\/p>\n<p style=\"text-align: center;\"><strong>Obs\u0142uga:<\/strong><\/p>\n<p style=\"text-align: center;\">Stanczewska Jolanta<\/p>\n<table width=\"100%\">\n<tbody>\n<tr>\n<td>\u00a0<\/td>\n<\/tr>\n<\/tbody>\n<\/table>\n<table width=\"100%\">\n<tbody>\n<tr>\n<td>\u00a0<\/td>\n<\/tr>\n<\/tbody>\n<\/table>\n<table width=\"100%\">\n<tbody>\n<tr>\n<td>\u00a0<\/td>\n<\/tr>\n<\/tbody>\n<\/table>\n<table width=\"100%\">\n<tbody>\n<tr>\n<td>\u00a0<\/td>\n<\/tr>\n<\/tbody>\n<\/table>\n\n<div class=\"wp-block-image\">\n<figure class=\"alignright size-large\"><img loading=\"lazy\" decoding=\"async\" width=\"461\" height=\"1024\" src=\"https:\/\/zlobek3plock.pl\/wp-content\/uploads\/2025\/09\/10000112711-1-461x1024.jpg\" alt=\"\" class=\"wp-image-1667\" srcset=\"https:\/\/zlobek3plock.pl\/wp-content\/uploads\/2025\/09\/10000112711-1-461x1024.jpg 461w, https:\/\/zlobek3plock.pl\/wp-content\/uploads\/2025\/09\/10000112711-1-135x300.jpg 135w, https:\/\/zlobek3plock.pl\/wp-content\/uploads\/2025\/09\/10000112711-1-768x1707.jpg 768w, https:\/\/zlobek3plock.pl\/wp-content\/uploads\/2025\/09\/10000112711-1-691x1536.jpg 691w, https:\/\/zlobek3plock.pl\/wp-content\/uploads\/2025\/09\/10000112711-1-922x2048.jpg 922w, https:\/\/zlobek3plock.pl\/wp-content\/uploads\/2025\/09\/10000112711-1-1024x2276.jpg 1024w, https:\/\/zlobek3plock.pl\/wp-content\/uploads\/2025\/09\/10000112711-1-486x1080.jpg 486w, https:\/\/zlobek3plock.pl\/wp-content\/uploads\/2025\/09\/10000112711-1-scaled.jpg 1152w\" sizes=\"auto, (max-width: 461px) 100vw, 461px\" \/><\/figure>\n<\/div>\n\n\n<p><\/p>\n","protected":false},"excerpt":{"rendered":"<p>Grupa liczy 34 dzieci i pi\u0119cioro opiekun\u00f3w. Jest grup\u0105 dwu-trzyletnich dzieci. Wi\u0119kszo\u015b\u0107 dzieci odchodzi w roku 2026 do przedszkola. Opiekunki: Bilecka Anna Le\u015bniewska Anna Gzylewska Martyna Marciniak Anna Suwa\u0142a Katarzyna Obs\u0142uga: Stanczewska Jolanta \u00a0 \u00a0 \u00a0 \u00a0<\/p>\n","protected":false},"author":1,"featured_media":0,"parent":0,"menu_order":0,"comment_status":"closed","ping_status":"closed","template":"","meta":{"footnotes":""},"class_list":["post-55","page","type-page","status-publish","hentry"],"yoast_head":"<!-- This site is optimized with the Yoast SEO plugin v24.9 - https:\/\/yoast.com\/wordpress\/plugins\/seo\/ -->\n<title>Grupa III - &quot;Biedronki&quot; - \u017b\u0142obek Miejski nr 3 w P\u0142ocku<\/title>\n<meta name=\"robots\" content=\"index, follow, max-snippet:-1, max-image-preview:large, max-video-preview:-1\" \/>\n<link rel=\"canonical\" href=\"https:\/\/zlobek3plock.pl\/?page_id=55\" \/>\n<meta property=\"og:locale\" content=\"en_US\" \/>\n<meta property=\"og:type\" content=\"article\" \/>\n<meta property=\"og:title\" content=\"Grupa III - &quot;Biedronki&quot; - \u017b\u0142obek Miejski nr 3 w P\u0142ocku\" \/>\n<meta property=\"og:description\" content=\"Grupa liczy 34 dzieci i pi\u0119cioro opiekun\u00f3w. Jest grup\u0105 dwu-trzyletnich dzieci. Wi\u0119kszo\u015b\u0107 dzieci odchodzi w roku 2026 do przedszkola. Opiekunki: Bilecka Anna Le\u015bniewska Anna Gzylewska Martyna Marciniak Anna Suwa\u0142a Katarzyna Obs\u0142uga: Stanczewska Jolanta \u00a0 \u00a0 \u00a0 \u00a0\" \/>\n<meta property=\"og:url\" content=\"https:\/\/zlobek3plock.pl\/?page_id=55\" \/>\n<meta property=\"og:site_name\" content=\"\u017b\u0142obek Miejski nr 3 w P\u0142ocku\" \/>\n<meta property=\"article:modified_time\" content=\"2026-03-30T06:02:36+00:00\" \/>\n<meta property=\"og:image\" content=\"https:\/\/zlobek3plock.pl\/wp-content\/uploads\/2025\/09\/obraz.png\" \/>\n\t<meta property=\"og:image:width\" content=\"362\" \/>\n\t<meta property=\"og:image:height\" content=\"362\" \/>\n\t<meta property=\"og:image:type\" content=\"image\/png\" \/>\n<meta name=\"twitter:card\" content=\"summary_large_image\" \/>\n<meta name=\"twitter:label1\" content=\"Est. reading time\" \/>\n\t<meta name=\"twitter:data1\" content=\"1 minute\" \/>\n<script type=\"application\/ld+json\" class=\"yoast-schema-graph\">{\"@context\":\"https:\/\/schema.org\",\"@graph\":[{\"@type\":\"WebPage\",\"@id\":\"https:\/\/zlobek3plock.pl\/?page_id=55\",\"url\":\"https:\/\/zlobek3plock.pl\/?page_id=55\",\"name\":\"Grupa III - \\\"Biedronki\\\" - \u017b\u0142obek Miejski nr 3 w P\u0142ocku\",\"isPartOf\":{\"@id\":\"https:\/\/zlobek3plock.pl\/#website\"},\"primaryImageOfPage\":{\"@id\":\"https:\/\/zlobek3plock.pl\/?page_id=55#primaryimage\"},\"image\":{\"@id\":\"https:\/\/zlobek3plock.pl\/?page_id=55#primaryimage\"},\"thumbnailUrl\":\"https:\/\/zlobek3plock.pl\/wp-content\/uploads\/2025\/09\/obraz.png\",\"datePublished\":\"2021-03-22T11:00:54+00:00\",\"dateModified\":\"2026-03-30T06:02:36+00:00\",\"breadcrumb\":{\"@id\":\"https:\/\/zlobek3plock.pl\/?page_id=55#breadcrumb\"},\"inLanguage\":\"en-US\",\"potentialAction\":[{\"@type\":\"ReadAction\",\"target\":[\"https:\/\/zlobek3plock.pl\/?page_id=55\"]}]},{\"@type\":\"ImageObject\",\"inLanguage\":\"en-US\",\"@id\":\"https:\/\/zlobek3plock.pl\/?page_id=55#primaryimage\",\"url\":\"https:\/\/zlobek3plock.pl\/wp-content\/uploads\/2025\/09\/obraz.png\",\"contentUrl\":\"https:\/\/zlobek3plock.pl\/wp-content\/uploads\/2025\/09\/obraz.png\",\"width\":362,\"height\":362},{\"@type\":\"BreadcrumbList\",\"@id\":\"https:\/\/zlobek3plock.pl\/?page_id=55#breadcrumb\",\"itemListElement\":[{\"@type\":\"ListItem\",\"position\":1,\"name\":\"Home\",\"item\":\"https:\/\/zlobek3plock.pl\/\"},{\"@type\":\"ListItem\",\"position\":2,\"name\":\"Grupa III &#8211; &#8222;Biedronki&#8221;\"}]},{\"@type\":\"WebSite\",\"@id\":\"https:\/\/zlobek3plock.pl\/#website\",\"url\":\"https:\/\/zlobek3plock.pl\/\",\"name\":\"\u017b\u0142obek Miejski nr 3 w P\u0142ocku\",\"description\":\"\",\"potentialAction\":[{\"@type\":\"SearchAction\",\"target\":{\"@type\":\"EntryPoint\",\"urlTemplate\":\"https:\/\/zlobek3plock.pl\/?s={search_term_string}\"},\"query-input\":{\"@type\":\"PropertyValueSpecification\",\"valueRequired\":true,\"valueName\":\"search_term_string\"}}],\"inLanguage\":\"en-US\"}]}<\/script>\n<!-- \/ Yoast SEO plugin. -->","yoast_head_json":{"title":"Grupa III - \"Biedronki\" - \u017b\u0142obek Miejski nr 3 w P\u0142ocku","robots":{"index":"index","follow":"follow","max-snippet":"max-snippet:-1","max-image-preview":"max-image-preview:large","max-video-preview":"max-video-preview:-1"},"canonical":"https:\/\/zlobek3plock.pl\/?page_id=55","og_locale":"en_US","og_type":"article","og_title":"Grupa III - \"Biedronki\" - \u017b\u0142obek Miejski nr 3 w P\u0142ocku","og_description":"Grupa liczy 34 dzieci i pi\u0119cioro opiekun\u00f3w. Jest grup\u0105 dwu-trzyletnich dzieci. Wi\u0119kszo\u015b\u0107 dzieci odchodzi w roku 2026 do przedszkola. Opiekunki: Bilecka Anna Le\u015bniewska Anna Gzylewska Martyna Marciniak Anna Suwa\u0142a Katarzyna Obs\u0142uga: Stanczewska Jolanta \u00a0 \u00a0 \u00a0 \u00a0","og_url":"https:\/\/zlobek3plock.pl\/?page_id=55","og_site_name":"\u017b\u0142obek Miejski nr 3 w P\u0142ocku","article_modified_time":"2026-03-30T06:02:36+00:00","og_image":[{"width":362,"height":362,"url":"https:\/\/zlobek3plock.pl\/wp-content\/uploads\/2025\/09\/obraz.png","type":"image\/png"}],"twitter_card":"summary_large_image","twitter_misc":{"Est. reading time":"1 minute"},"schema":{"@context":"https:\/\/schema.org","@graph":[{"@type":"WebPage","@id":"https:\/\/zlobek3plock.pl\/?page_id=55","url":"https:\/\/zlobek3plock.pl\/?page_id=55","name":"Grupa III - \"Biedronki\" - \u017b\u0142obek Miejski nr 3 w P\u0142ocku","isPartOf":{"@id":"https:\/\/zlobek3plock.pl\/#website"},"primaryImageOfPage":{"@id":"https:\/\/zlobek3plock.pl\/?page_id=55#primaryimage"},"image":{"@id":"https:\/\/zlobek3plock.pl\/?page_id=55#primaryimage"},"thumbnailUrl":"https:\/\/zlobek3plock.pl\/wp-content\/uploads\/2025\/09\/obraz.png","datePublished":"2021-03-22T11:00:54+00:00","dateModified":"2026-03-30T06:02:36+00:00","breadcrumb":{"@id":"https:\/\/zlobek3plock.pl\/?page_id=55#breadcrumb"},"inLanguage":"en-US","potentialAction":[{"@type":"ReadAction","target":["https:\/\/zlobek3plock.pl\/?page_id=55"]}]},{"@type":"ImageObject","inLanguage":"en-US","@id":"https:\/\/zlobek3plock.pl\/?page_id=55#primaryimage","url":"https:\/\/zlobek3plock.pl\/wp-content\/uploads\/2025\/09\/obraz.png","contentUrl":"https:\/\/zlobek3plock.pl\/wp-content\/uploads\/2025\/09\/obraz.png","width":362,"height":362},{"@type":"BreadcrumbList","@id":"https:\/\/zlobek3plock.pl\/?page_id=55#breadcrumb","itemListElement":[{"@type":"ListItem","position":1,"name":"Home","item":"https:\/\/zlobek3plock.pl\/"},{"@type":"ListItem","position":2,"name":"Grupa III &#8211; &#8222;Biedronki&#8221;"}]},{"@type":"WebSite","@id":"https:\/\/zlobek3plock.pl\/#website","url":"https:\/\/zlobek3plock.pl\/","name":"\u017b\u0142obek Miejski nr 3 w P\u0142ocku","description":"","potentialAction":[{"@type":"SearchAction","target":{"@type":"EntryPoint","urlTemplate":"https:\/\/zlobek3plock.pl\/?s={search_term_string}"},"query-input":{"@type":"PropertyValueSpecification","valueRequired":true,"valueName":"search_term_string"}}],"inLanguage":"en-US"}]}},"_links":{"self":[{"href":"https:\/\/zlobek3plock.pl\/index.php?rest_route=\/wp\/v2\/pages\/55","targetHints":{"allow":["GET"]}}],"collection":[{"href":"https:\/\/zlobek3plock.pl\/index.php?rest_route=\/wp\/v2\/pages"}],"about":[{"href":"https:\/\/zlobek3plock.pl\/index.php?rest_route=\/wp\/v2\/types\/page"}],"author":[{"embeddable":true,"href":"https:\/\/zlobek3plock.pl\/index.php?rest_route=\/wp\/v2\/users\/1"}],"replies":[{"embeddable":true,"href":"https:\/\/zlobek3plock.pl\/index.php?rest_route=%2Fwp%2Fv2%2Fcomments&post=55"}],"version-history":[{"count":18,"href":"https:\/\/zlobek3plock.pl\/index.php?rest_route=\/wp\/v2\/pages\/55\/revisions"}],"predecessor-version":[{"id":1813,"href":"https:\/\/zlobek3plock.pl\/index.php?rest_route=\/wp\/v2\/pages\/55\/revisions\/1813"}],"wp:attachment":[{"href":"https:\/\/zlobek3plock.pl\/index.php?rest_route=%2Fwp%2Fv2%2Fmedia&parent=55"}],"curies":[{"name":"wp","href":"https:\/\/api.w.org\/{rel}","templated":true}]}}

<p class="has-text-align-center"></p>


<div class="wp-block-image">
<figure class="alignleft size-full is-resized"><img loading="lazy" decoding="async" width="362" height="362" src="https://zlobek3plock.pl/wp-content/uploads/2025/09/obraz.png" alt="" class="wp-image-1648" style="width:344px;height:auto" srcset="https://zlobek3plock.pl/wp-content/uploads/2025/09/obraz.png 362w, https://zlobek3plock.pl/wp-content/uploads/2025/09/obraz-300x300.png 300w, https://zlobek3plock.pl/wp-content/uploads/2025/09/obraz-150x150.png 150w" sizes="auto, (max-width: 362px) 100vw, 362px" /></figure>
</div>


<p class="has-text-align-center"></p>



<p></p>


<p><strong>Grupa liczy 34 dzieci i pięcioro opiekunów. Jest grupą dwu-trzyletnich dzieci. Większość dzieci odchodzi w roku 2026 do przedszkola. </strong></p>
<p style="text-align: center;"><strong>Opiekunki:</strong></p>
<p style="text-align: center;">Bilecka Anna</p>
<p style="text-align: center;">Leśniewska Anna</p>
<p style="text-align: center;">Gzylewska Martyna</p>
<p style="text-align: center;">Marciniak Anna</p>
<p style="text-align: center;">Suwała Katarzyna</p>
<p style="text-align: center;"><strong>Obsługa:</strong></p>
<p style="text-align: center;">Stanczewska Jolanta</p>
<table width="100%">
<tbody>
<tr>
<td> </td>
</tr>
</tbody>
</table>
<table width="100%">
<tbody>
<tr>
<td> </td>
</tr>
</tbody>
</table>
<table width="100%">
<tbody>
<tr>
<td> </td>
</tr>
</tbody>
</table>
<table width="100%">
<tbody>
<tr>
<td> </td>
</tr>
</tbody>
</table>

<div class="wp-block-image">
<figure class="alignright size-large"><img loading="lazy" decoding="async" width="461" height="1024" src="https://zlobek3plock.pl/wp-content/uploads/2025/09/10000112711-1-461x1024.jpg" alt="" class="wp-image-1667" srcset="https://zlobek3plock.pl/wp-content/uploads/2025/09/10000112711-1-461x1024.jpg 461w, https://zlobek3plock.pl/wp-content/uploads/2025/09/10000112711-1-135x300.jpg 135w, https://zlobek3plock.pl/wp-content/uploads/2025/09/10000112711-1-768x1707.jpg 768w, https://zlobek3plock.pl/wp-content/uploads/2025/09/10000112711-1-691x1536.jpg 691w, https://zlobek3plock.pl/wp-content/uploads/2025/09/10000112711-1-922x2048.jpg 922w, https://zlobek3plock.pl/wp-content/uploads/2025/09/10000112711-1-1024x2276.jpg 1024w, https://zlobek3plock.pl/wp-content/uploads/2025/09/10000112711-1-486x1080.jpg 486w, https://zlobek3plock.pl/wp-content/uploads/2025/09/10000112711-1-scaled.jpg 1152w" sizes="auto, (max-width: 461px) 100vw, 461px" /></figure>
</div>


<p></p>

<p>Grupa liczy 34 dzieci i pięcioro opiekunów. Jest grupą dwu-trzyletnich dzieci. Większość dzieci odchodzi w roku 2026 do przedszkola. Opiekunki: Bilecka Anna Leśniewska Anna Gzylewska Martyna Marciniak Anna Suwała Katarzyna Obsługa: Stanczewska Jolanta        </p>

<!-- This site is optimized with the Yoast SEO plugin v24.9 - https://yoast.com/wordpress/plugins/seo/ -->
<title>Grupa III - &quot;Biedronki&quot; - Żłobek Miejski nr 3 w Płocku</title>
<meta name="robots" content="index, follow, max-snippet:-1, max-image-preview:large, max-video-preview:-1" />
<link rel="canonical" href="https://zlobek3plock.pl/?page_id=55" />
<meta property="og:locale" content="en_US" />
<meta property="og:type" content="article" />
<meta property="og:title" content="Grupa III - &quot;Biedronki&quot; - Żłobek Miejski nr 3 w Płocku" />
<meta property="og:description" content="Grupa liczy 34 dzieci i pięcioro opiekunów. Jest grupą dwu-trzyletnich dzieci. Większość dzieci odchodzi w roku 2026 do przedszkola. Opiekunki: Bilecka Anna Leśniewska Anna Gzylewska Martyna Marciniak Anna Suwała Katarzyna Obsługa: Stanczewska Jolanta        " />
<meta property="og:url" content="https://zlobek3plock.pl/?page_id=55" />
<meta property="og:site_name" content="Żłobek Miejski nr 3 w Płocku" />
<meta property="article:modified_time" content="2026-03-30T06:02:36+00:00" />
<meta property="og:image" content="https://zlobek3plock.pl/wp-content/uploads/2025/09/obraz.png" />
	<meta property="og:image:width" content="362" />
	<meta property="og:image:height" content="362" />
	<meta property="og:image:type" content="image/png" />
<meta name="twitter:card" content="summary_large_image" />
<meta name="twitter:label1" content="Est. reading time" />
	<meta name="twitter:data1" content="1 minute" />
<script type="application/ld+json" class="yoast-schema-graph">{"@context":"https://schema.org","@graph":[{"@type":"WebPage","@id":"https://zlobek3plock.pl/?page_id=55","url":"https://zlobek3plock.pl/?page_id=55","name":"Grupa III - \"Biedronki\" - Żłobek Miejski nr 3 w Płocku","isPartOf":{"@id":"https://zlobek3plock.pl/#website"},"primaryImageOfPage":{"@id":"https://zlobek3plock.pl/?page_id=55#primaryimage"},"image":{"@id":"https://zlobek3plock.pl/?page_id=55#primaryimage"},"thumbnailUrl":"https://zlobek3plock.pl/wp-content/uploads/2025/09/obraz.png","datePublished":"2021-03-22T11:00:54+00:00","dateModified":"2026-03-30T06:02:36+00:00","breadcrumb":{"@id":"https://zlobek3plock.pl/?page_id=55#breadcrumb"},"inLanguage":"en-US","potentialAction":[{"@type":"ReadAction","target":["https://zlobek3plock.pl/?page_id=55"]}]},{"@type":"ImageObject","inLanguage":"en-US","@id":"https://zlobek3plock.pl/?page_id=55#primaryimage","url":"https://zlobek3plock.pl/wp-content/uploads/2025/09/obraz.png","contentUrl":"https://zlobek3plock.pl/wp-content/uploads/2025/09/obraz.png","width":362,"height":362},{"@type":"BreadcrumbList","@id":"https://zlobek3plock.pl/?page_id=55#breadcrumb","itemListElement":[{"@type":"ListItem","position":1,"name":"Home","item":"https://zlobek3plock.pl/"},{"@type":"ListItem","position":2,"name":"Grupa III &#8211; &#8222;Biedronki&#8221;"}]},{"@type":"WebSite","@id":"https://zlobek3plock.pl/#website","url":"https://zlobek3plock.pl/","name":"Żłobek Miejski nr 3 w Płocku","description":"","potentialAction":[{"@type":"SearchAction","target":{"@type":"EntryPoint","urlTemplate":"https://zlobek3plock.pl/?s={search_term_string}"},"query-input":{"@type":"PropertyValueSpecification","valueRequired":true,"valueName":"search_term_string"}}],"inLanguage":"en-US"}]}</script>
<!-- / Yoast SEO plugin. -->

Grupa III - "Biedronki" - Żłobek Miejski nr 3 w Płocku

Grupa liczy 34 dzieci i pięcioro opiekunów. Jest grupą dwu-trzyletnich dzieci. Większość dzieci odchodzi w roku 2026 do przedszkola. Opiekunki: Bilecka Anna Leśniewska Anna Gzylewska Martyna Marciniak Anna Suwała Katarzyna Obsługa: Stanczewska Jolanta

Żłobek Miejski nr 3 w Płocku
