{"id":1285,"date":"2024-10-22T12:47:48","date_gmt":"2024-10-22T10:47:48","guid":{"rendered":"https:\/\/zlobek3plock.pl\/?page_id=1285"},"modified":"2024-10-22T13:00:25","modified_gmt":"2024-10-22T11:00:25","slug":"jezyk-angielski","status":"publish","type":"page","link":"https:\/\/zlobek3plock.pl\/?page_id=1285","title":{"rendered":"J\u0119zyk angielski"},"content":{"rendered":"\n<p>Najstarsza grupa co roku ma zaj\u0119cia z j\u0119zykiem angielskim. Zaj\u0119cia maj\u0105 form\u0119 aktywnej zabawy z j\u0119zykiem, nie stosujemy \u017cadnych podr\u0119cznik\u00f3w ani kart pracy, tylko innowacyjne gry, wplecione znane i lubiane piosenki oraz nauka rymowanek dzieci\u0119cych. W maju podsumowaniem aktywnej formy nauki jest uczestnictwo w interaktywnej bajce &#8220;Dora poznaje \u015bwiat&#8221;, gdzie s\u0105 pod\u015bwiadomie stosowane zwroty\/formy wcze\u015bniej wyuczone. Poni\u017cej plan pracy na rok szkolny 2024\/2025:<\/p>\n\n\n\n<p><span style=\"text-decoration: underline;\"><strong>PA\u0179DZIERNIK<\/strong><\/span><\/p>\n\n\n\n<ol class=\"wp-block-list\">\n<li>Zwroty: Hello, Bye;<\/li>\n\n\n\n<li>Polecenia: Stand up, sit down, jump, clap, tap;<\/li>\n\n\n\n<li>Piosenka: Hello.<\/li>\n<\/ol>\n\n\n\n<p><span style=\"text-decoration: underline;\"><strong>LISTOPAD<\/strong><\/span><\/p>\n\n\n\n<ol class=\"wp-block-list\">\n<li>Zwroty\/polecenia: turn around, touch the ground, touch your nose, go to?, point to your toes, tie your shoes;<\/li>\n\n\n\n<li>Nazwy: bear, nose, ground, toes, shoes;<\/li>\n\n\n\n<li>Piosenka: ?Teddy Bear turn around?.<\/li>\n<\/ol>\n\n\n\n<p><span style=\"text-decoration: underline;\"><strong>GRUDZIE\u0143<\/strong><\/span><\/p>\n\n\n\n<ol class=\"wp-block-list\">\n<li>Rymowanka: ?Two little feet?<\/li>\n\n\n\n<li>Zwroty i polecenia: clap, tap, tap,<\/li>\n\n\n\n<li>Nazwy: feet, eyes, hands,<\/li>\n\n\n\n<li>Piosenka: ?Jingle bells?- \u015bpiewanie z instrumentami.<\/li>\n<\/ol>\n\n\n\n<p><strong><span style=\"text-decoration: underline;\">STYCZE\u0143<\/span><\/strong><\/p>\n\n\n\n<ol class=\"wp-block-list\">\n<li>Zwroty i polecenia: clap, shake, jump, tap, tap, close\/open your eyes,<\/li>\n\n\n\n<li>Nazwy: nose, head, shoulders, knees, toes, ears, eyes, mouth,<\/li>\n\n\n\n<li>Piosenka: ?Head, shoulders, knees and toes?.<\/li>\n<\/ol>\n\n\n\n<p><strong><span style=\"text-decoration: underline;\">LUTY<\/span><\/strong><\/p>\n\n\n\n<ol class=\"wp-block-list\">\n<li>Zwroty i polecenia: bouncing, fell off, bumped<\/li>\n\n\n\n<li>Nazwy: monkeys, one,\u00a0 two, three, four, five<\/li>\n\n\n\n<li>Rymowanka: ?Five little monkeys?.<\/li>\n<\/ol>\n\n\n\n<p><strong><span style=\"text-decoration: underline;\">MARZEC<\/span><\/strong><\/p>\n\n\n\n<ol class=\"wp-block-list\">\n<li>Zwroty i polecenia: clap your hands, snap your fingers, slap your legs, say ok, do all five,<\/li>\n\n\n\n<li>Nazwy: fingers, hands, legs,<\/li>\n\n\n\n<li>Piosenka: ?If you?re happy?.<\/li>\n<\/ol>\n\n\n\n<p><strong><span style=\"text-decoration: underline;\">KWIECIE\u0143<\/span><\/strong><\/p>\n\n\n\n<ol class=\"wp-block-list\">\n<li>S\u0142owa\/polecenia: knock, rock, tap, clap;<\/li>\n\n\n\n<li>Rymowanka: ?I can knock?,<\/li>\n\n\n\n<li>Aktywna praca z bajk\u0105 ?Dora poznaje \u015bwiat?.<\/li>\n<\/ol>\n\n\n\n<p><strong><span style=\"text-decoration: underline;\">MAJ<\/span><\/strong><\/p>\n\n\n\n<ol class=\"wp-block-list\">\n<li>S\u0142owa: duck, one, two, three, four, five;<\/li>\n\n\n\n<li>Polecenia: went, swimming, came back;<\/li>\n\n\n\n<li>Piosenka: ?Five little ducks?.<\/li>\n<\/ol>\n\n\n\n<p><strong><span style=\"text-decoration: underline;\">CZERWIEC<\/span><\/strong><\/p>\n\n\n\n<ol class=\"wp-block-list\">\n<li>S\u0142owa: red bird, yellow duck, blue horse, green from, purple cat, white dog, black sheep, gold fish;<\/li>\n\n\n\n<li>Piosenka: ?Brown Bear Rap?.<\/li>\n<\/ol>\n","protected":false},"excerpt":{"rendered":"<p>Najstarsza grupa co roku ma zaj\u0119cia z j\u0119zykiem angielskim. Zaj\u0119cia maj\u0105 form\u0119 aktywnej zabawy z j\u0119zykiem, nie stosujemy \u017cadnych podr\u0119cznik\u00f3w ani kart pracy, tylko innowacyjne gry, wplecione znane i lubiane piosenki oraz nauka rymowanek dzieci\u0119cych. W maju podsumowaniem aktywnej formy nauki jest uczestnictwo w interaktywnej bajce &#8220;Dora poznaje \u015bwiat&#8221;, gdzie s\u0105 pod\u015bwiadomie stosowane zwroty\/formy wcze\u015bniej&hellip; <a class=\"continue\" href=\"https:\/\/zlobek3plock.pl\/?page_id=1285\">Continue Reading<span> J\u0119zyk angielski<\/span><\/a><\/p>\n","protected":false},"author":1,"featured_media":0,"parent":0,"menu_order":0,"comment_status":"closed","ping_status":"closed","template":"","meta":{"footnotes":""},"class_list":["post-1285","page","type-page","status-publish","hentry"],"yoast_head":"<!-- This site is optimized with the Yoast SEO plugin v24.9 - https:\/\/yoast.com\/wordpress\/plugins\/seo\/ -->\n<title>J\u0119zyk angielski - \u017b\u0142obek Miejski nr 3 w P\u0142ocku<\/title>\n<meta name=\"robots\" content=\"index, follow, max-snippet:-1, max-image-preview:large, max-video-preview:-1\" \/>\n<link rel=\"canonical\" href=\"https:\/\/zlobek3plock.pl\/?page_id=1285\" \/>\n<meta property=\"og:locale\" content=\"en_US\" \/>\n<meta property=\"og:type\" content=\"article\" \/>\n<meta property=\"og:title\" content=\"J\u0119zyk angielski - \u017b\u0142obek Miejski nr 3 w P\u0142ocku\" \/>\n<meta property=\"og:description\" content=\"Najstarsza grupa co roku ma zaj\u0119cia z j\u0119zykiem angielskim. Zaj\u0119cia maj\u0105 form\u0119 aktywnej zabawy z j\u0119zykiem, nie stosujemy \u017cadnych podr\u0119cznik\u00f3w ani kart pracy, tylko innowacyjne gry, wplecione znane i lubiane piosenki oraz nauka rymowanek dzieci\u0119cych. W maju podsumowaniem aktywnej formy nauki jest uczestnictwo w interaktywnej bajce &#8220;Dora poznaje \u015bwiat&#8221;, gdzie s\u0105 pod\u015bwiadomie stosowane zwroty\/formy wcze\u015bniej&hellip; Continue Reading J\u0119zyk angielski\" \/>\n<meta property=\"og:url\" content=\"https:\/\/zlobek3plock.pl\/?page_id=1285\" \/>\n<meta property=\"og:site_name\" content=\"\u017b\u0142obek Miejski nr 3 w P\u0142ocku\" \/>\n<meta property=\"article:modified_time\" content=\"2024-10-22T11:00:25+00:00\" \/>\n<meta name=\"twitter:card\" content=\"summary_large_image\" \/>\n<meta name=\"twitter:label1\" content=\"Est. reading time\" \/>\n\t<meta name=\"twitter:data1\" content=\"2 minutes\" \/>\n<script type=\"application\/ld+json\" class=\"yoast-schema-graph\">{\"@context\":\"https:\/\/schema.org\",\"@graph\":[{\"@type\":\"WebPage\",\"@id\":\"https:\/\/zlobek3plock.pl\/?page_id=1285\",\"url\":\"https:\/\/zlobek3plock.pl\/?page_id=1285\",\"name\":\"J\u0119zyk angielski - \u017b\u0142obek Miejski nr 3 w P\u0142ocku\",\"isPartOf\":{\"@id\":\"https:\/\/zlobek3plock.pl\/#website\"},\"datePublished\":\"2024-10-22T10:47:48+00:00\",\"dateModified\":\"2024-10-22T11:00:25+00:00\",\"breadcrumb\":{\"@id\":\"https:\/\/zlobek3plock.pl\/?page_id=1285#breadcrumb\"},\"inLanguage\":\"en-US\",\"potentialAction\":[{\"@type\":\"ReadAction\",\"target\":[\"https:\/\/zlobek3plock.pl\/?page_id=1285\"]}]},{\"@type\":\"BreadcrumbList\",\"@id\":\"https:\/\/zlobek3plock.pl\/?page_id=1285#breadcrumb\",\"itemListElement\":[{\"@type\":\"ListItem\",\"position\":1,\"name\":\"Home\",\"item\":\"https:\/\/zlobek3plock.pl\/\"},{\"@type\":\"ListItem\",\"position\":2,\"name\":\"J\u0119zyk angielski\"}]},{\"@type\":\"WebSite\",\"@id\":\"https:\/\/zlobek3plock.pl\/#website\",\"url\":\"https:\/\/zlobek3plock.pl\/\",\"name\":\"\u017b\u0142obek Miejski nr 3 w P\u0142ocku\",\"description\":\"\",\"potentialAction\":[{\"@type\":\"SearchAction\",\"target\":{\"@type\":\"EntryPoint\",\"urlTemplate\":\"https:\/\/zlobek3plock.pl\/?s={search_term_string}\"},\"query-input\":{\"@type\":\"PropertyValueSpecification\",\"valueRequired\":true,\"valueName\":\"search_term_string\"}}],\"inLanguage\":\"en-US\"}]}<\/script>\n<!-- \/ Yoast SEO plugin. -->","yoast_head_json":{"title":"J\u0119zyk angielski - \u017b\u0142obek Miejski nr 3 w P\u0142ocku","robots":{"index":"index","follow":"follow","max-snippet":"max-snippet:-1","max-image-preview":"max-image-preview:large","max-video-preview":"max-video-preview:-1"},"canonical":"https:\/\/zlobek3plock.pl\/?page_id=1285","og_locale":"en_US","og_type":"article","og_title":"J\u0119zyk angielski - \u017b\u0142obek Miejski nr 3 w P\u0142ocku","og_description":"Najstarsza grupa co roku ma zaj\u0119cia z j\u0119zykiem angielskim. Zaj\u0119cia maj\u0105 form\u0119 aktywnej zabawy z j\u0119zykiem, nie stosujemy \u017cadnych podr\u0119cznik\u00f3w ani kart pracy, tylko innowacyjne gry, wplecione znane i lubiane piosenki oraz nauka rymowanek dzieci\u0119cych. W maju podsumowaniem aktywnej formy nauki jest uczestnictwo w interaktywnej bajce &#8220;Dora poznaje \u015bwiat&#8221;, gdzie s\u0105 pod\u015bwiadomie stosowane zwroty\/formy wcze\u015bniej&hellip; Continue Reading J\u0119zyk angielski","og_url":"https:\/\/zlobek3plock.pl\/?page_id=1285","og_site_name":"\u017b\u0142obek Miejski nr 3 w P\u0142ocku","article_modified_time":"2024-10-22T11:00:25+00:00","twitter_card":"summary_large_image","twitter_misc":{"Est. reading time":"2 minutes"},"schema":{"@context":"https:\/\/schema.org","@graph":[{"@type":"WebPage","@id":"https:\/\/zlobek3plock.pl\/?page_id=1285","url":"https:\/\/zlobek3plock.pl\/?page_id=1285","name":"J\u0119zyk angielski - \u017b\u0142obek Miejski nr 3 w P\u0142ocku","isPartOf":{"@id":"https:\/\/zlobek3plock.pl\/#website"},"datePublished":"2024-10-22T10:47:48+00:00","dateModified":"2024-10-22T11:00:25+00:00","breadcrumb":{"@id":"https:\/\/zlobek3plock.pl\/?page_id=1285#breadcrumb"},"inLanguage":"en-US","potentialAction":[{"@type":"ReadAction","target":["https:\/\/zlobek3plock.pl\/?page_id=1285"]}]},{"@type":"BreadcrumbList","@id":"https:\/\/zlobek3plock.pl\/?page_id=1285#breadcrumb","itemListElement":[{"@type":"ListItem","position":1,"name":"Home","item":"https:\/\/zlobek3plock.pl\/"},{"@type":"ListItem","position":2,"name":"J\u0119zyk angielski"}]},{"@type":"WebSite","@id":"https:\/\/zlobek3plock.pl\/#website","url":"https:\/\/zlobek3plock.pl\/","name":"\u017b\u0142obek Miejski nr 3 w P\u0142ocku","description":"","potentialAction":[{"@type":"SearchAction","target":{"@type":"EntryPoint","urlTemplate":"https:\/\/zlobek3plock.pl\/?s={search_term_string}"},"query-input":{"@type":"PropertyValueSpecification","valueRequired":true,"valueName":"search_term_string"}}],"inLanguage":"en-US"}]}},"_links":{"self":[{"href":"https:\/\/zlobek3plock.pl\/index.php?rest_route=\/wp\/v2\/pages\/1285","targetHints":{"allow":["GET"]}}],"collection":[{"href":"https:\/\/zlobek3plock.pl\/index.php?rest_route=\/wp\/v2\/pages"}],"about":[{"href":"https:\/\/zlobek3plock.pl\/index.php?rest_route=\/wp\/v2\/types\/page"}],"author":[{"embeddable":true,"href":"https:\/\/zlobek3plock.pl\/index.php?rest_route=\/wp\/v2\/users\/1"}],"replies":[{"embeddable":true,"href":"https:\/\/zlobek3plock.pl\/index.php?rest_route=%2Fwp%2Fv2%2Fcomments&post=1285"}],"version-history":[{"count":2,"href":"https:\/\/zlobek3plock.pl\/index.php?rest_route=\/wp\/v2\/pages\/1285\/revisions"}],"predecessor-version":[{"id":1302,"href":"https:\/\/zlobek3plock.pl\/index.php?rest_route=\/wp\/v2\/pages\/1285\/revisions\/1302"}],"wp:attachment":[{"href":"https:\/\/zlobek3plock.pl\/index.php?rest_route=%2Fwp%2Fv2%2Fmedia&parent=1285"}],"curies":[{"name":"wp","href":"https:\/\/api.w.org\/{rel}","templated":true}]}}