{"id":1256,"date":"2024-10-21T12:48:10","date_gmt":"2024-10-21T10:48:10","guid":{"rendered":"https:\/\/zlobek3plock.pl\/?page_id=1256"},"modified":"2025-05-21T13:14:36","modified_gmt":"2025-05-21T11:14:36","slug":"dyzur","status":"publish","type":"page","link":"https:\/\/zlobek3plock.pl\/?page_id=1256","title":{"rendered":"Dy\u017cur"},"content":{"rendered":"\n<div data-wp-interactive=\"core\/file\" class=\"wp-block-file\"><object data-wp-bind--hidden=\"!state.hasPdfPreview\" hidden class=\"wp-block-file__embed\" data=\"https:\/\/zlobek3plock.pl\/wp-content\/uploads\/2024\/10\/Karta-informacyjna-dyzur-2-2-1.pdf\" type=\"application\/pdf\" style=\"width:100%;height:600px\" aria-label=\"Embed of Karta-informacyjna-dyzur-2-2.\"><\/object><a id=\"wp-block-file--media-aae1d54d-e727-45a2-83f2-a5124922f88f\" href=\"https:\/\/zlobek3plock.pl\/wp-content\/uploads\/2024\/10\/Karta-informacyjna-dyzur-2-2-1.pdf\">Karta-informacyjna-dyzur-2-2<\/a><a href=\"https:\/\/zlobek3plock.pl\/wp-content\/uploads\/2024\/10\/Karta-informacyjna-dyzur-2-2-1.pdf\" class=\"wp-block-file__button wp-element-button\" download aria-describedby=\"wp-block-file--media-aae1d54d-e727-45a2-83f2-a5124922f88f\">Pobierz<\/a><\/div>\n\n\n\n<div data-wp-interactive=\"core\/file\" class=\"wp-block-file\"><object data-wp-bind--hidden=\"!state.hasPdfPreview\" hidden class=\"wp-block-file__embed\" data=\"https:\/\/zlobek3plock.pl\/wp-content\/uploads\/2024\/10\/09.Upowaznienie-do-odbioru-dziecka-ze-zlobka-1-3-10-1.pdf\" type=\"application\/pdf\" style=\"width:100%;height:600px\" aria-label=\"Embed of 09.Upowaznienie-do-odbioru-dziecka-ze-zlobka-1-3-10.\"><\/object><a id=\"wp-block-file--media-77ff4cf8-a723-499c-8e5d-b482208a84cf\" href=\"https:\/\/zlobek3plock.pl\/wp-content\/uploads\/2024\/10\/09.Upowaznienie-do-odbioru-dziecka-ze-zlobka-1-3-10-1.pdf\">09.Upowaznienie-do-odbioru-dziecka-ze-zlobka-1-3-10<\/a><a href=\"https:\/\/zlobek3plock.pl\/wp-content\/uploads\/2024\/10\/09.Upowaznienie-do-odbioru-dziecka-ze-zlobka-1-3-10-1.pdf\" class=\"wp-block-file__button wp-element-button\" download aria-describedby=\"wp-block-file--media-77ff4cf8-a723-499c-8e5d-b482208a84cf\">Pobierz<\/a><\/div>\n\n\n\n<div data-wp-interactive=\"core\/file\" class=\"wp-block-file\"><object data-wp-bind--hidden=\"!state.hasPdfPreview\" hidden class=\"wp-block-file__embed\" data=\"https:\/\/zlobek3plock.pl\/wp-content\/uploads\/2024\/10\/Zgoda-rodzica-na-pomiar-temperatury-ciala-dziecka-w-zlobku-1-22-1.pdf\" type=\"application\/pdf\" style=\"width:100%;height:600px\" aria-label=\"Embed of Zgoda-rodzica-na-pomiar-temperatury-ciala-dziecka-w-zlobku-1-22.\"><\/object><a id=\"wp-block-file--media-15c00097-5e4c-4ea7-8b0b-a04bcecfb4df\" href=\"https:\/\/zlobek3plock.pl\/wp-content\/uploads\/2024\/10\/Zgoda-rodzica-na-pomiar-temperatury-ciala-dziecka-w-zlobku-1-22-1.pdf\">Zgoda-rodzica-na-pomiar-temperatury-ciala-dziecka-w-zlobku-1-22<\/a><a href=\"https:\/\/zlobek3plock.pl\/wp-content\/uploads\/2024\/10\/Zgoda-rodzica-na-pomiar-temperatury-ciala-dziecka-w-zlobku-1-22-1.pdf\" class=\"wp-block-file__button wp-element-button\" download aria-describedby=\"wp-block-file--media-15c00097-5e4c-4ea7-8b0b-a04bcecfb4df\">Pobierz<\/a><\/div>\n\n\n<h3 style=\"text-align: center;\"><strong>O\u015bwiadczenie poni\u017cej do uzupe\u0142nienia w przypadku z\u0142o\u017cenia wniosku &#8220;Aktywnie w \u017c\u0142obku&#8221;, w celu obni\u017cenia op\u0142aty w \u017c\u0142obku za pobyt o kwot\u0119 przyznanego dofinansowania.<\/strong><\/h3>\n\n\n<div data-wp-interactive=\"core\/file\" class=\"wp-block-file\"><object data-wp-bind--hidden=\"!state.hasPdfPreview\" hidden class=\"wp-block-file__embed\" data=\"https:\/\/zlobek3plock.pl\/wp-content\/uploads\/2024\/11\/Zalacznikoswiadczenie-1.pdf\" type=\"application\/pdf\" style=\"width:100%;height:600px\" aria-label=\"Embed of Za\u0142\u0105czniko\u015bwiadczenie.\"><\/object><a id=\"wp-block-file--media-ccfcbb3d-f276-405a-8de9-05c151eaeef9\" href=\"https:\/\/zlobek3plock.pl\/wp-content\/uploads\/2024\/11\/Zalacznikoswiadczenie-1.pdf\">Za\u0142\u0105czniko\u015bwiadczenie<\/a><a href=\"https:\/\/zlobek3plock.pl\/wp-content\/uploads\/2024\/11\/Zalacznikoswiadczenie-1.pdf\" class=\"wp-block-file__button wp-element-button\" download aria-describedby=\"wp-block-file--media-ccfcbb3d-f276-405a-8de9-05c151eaeef9\">Pobierz<\/a><\/div>\n","protected":false},"excerpt":{"rendered":"<p>O\u015bwiadczenie poni\u017cej do uzupe\u0142nienia w przypadku z\u0142o\u017cenia wniosku &#8220;Aktywnie w \u017c\u0142obku&#8221;, w celu obni\u017cenia op\u0142aty w \u017c\u0142obku za pobyt o kwot\u0119 przyznanego dofinansowania.<\/p>\n","protected":false},"author":1,"featured_media":0,"parent":0,"menu_order":0,"comment_status":"closed","ping_status":"closed","template":"","meta":{"footnotes":""},"class_list":["post-1256","page","type-page","status-publish","hentry"],"yoast_head":"<!-- This site is optimized with the Yoast SEO plugin v24.9 - https:\/\/yoast.com\/wordpress\/plugins\/seo\/ -->\n<title>Dy\u017cur - \u017b\u0142obek Miejski nr 3 w P\u0142ocku<\/title>\n<meta name=\"robots\" content=\"index, follow, max-snippet:-1, max-image-preview:large, max-video-preview:-1\" \/>\n<link rel=\"canonical\" href=\"https:\/\/zlobek3plock.pl\/?page_id=1256\" \/>\n<meta property=\"og:locale\" content=\"en_US\" \/>\n<meta property=\"og:type\" content=\"article\" \/>\n<meta property=\"og:title\" content=\"Dy\u017cur - \u017b\u0142obek Miejski nr 3 w P\u0142ocku\" \/>\n<meta property=\"og:description\" content=\"O\u015bwiadczenie poni\u017cej do uzupe\u0142nienia w przypadku z\u0142o\u017cenia wniosku &#8220;Aktywnie w \u017c\u0142obku&#8221;, w celu obni\u017cenia op\u0142aty w \u017c\u0142obku za pobyt o kwot\u0119 przyznanego dofinansowania.\" \/>\n<meta property=\"og:url\" content=\"https:\/\/zlobek3plock.pl\/?page_id=1256\" \/>\n<meta property=\"og:site_name\" content=\"\u017b\u0142obek Miejski nr 3 w P\u0142ocku\" \/>\n<meta property=\"article:modified_time\" content=\"2025-05-21T11:14:36+00:00\" \/>\n<meta name=\"twitter:card\" content=\"summary_large_image\" \/>\n<meta name=\"twitter:label1\" content=\"Est. reading time\" \/>\n\t<meta name=\"twitter:data1\" content=\"1 minute\" \/>\n<script type=\"application\/ld+json\" class=\"yoast-schema-graph\">{\"@context\":\"https:\/\/schema.org\",\"@graph\":[{\"@type\":\"WebPage\",\"@id\":\"https:\/\/zlobek3plock.pl\/?page_id=1256\",\"url\":\"https:\/\/zlobek3plock.pl\/?page_id=1256\",\"name\":\"Dy\u017cur - \u017b\u0142obek Miejski nr 3 w P\u0142ocku\",\"isPartOf\":{\"@id\":\"https:\/\/zlobek3plock.pl\/#website\"},\"datePublished\":\"2024-10-21T10:48:10+00:00\",\"dateModified\":\"2025-05-21T11:14:36+00:00\",\"breadcrumb\":{\"@id\":\"https:\/\/zlobek3plock.pl\/?page_id=1256#breadcrumb\"},\"inLanguage\":\"en-US\",\"potentialAction\":[{\"@type\":\"ReadAction\",\"target\":[\"https:\/\/zlobek3plock.pl\/?page_id=1256\"]}]},{\"@type\":\"BreadcrumbList\",\"@id\":\"https:\/\/zlobek3plock.pl\/?page_id=1256#breadcrumb\",\"itemListElement\":[{\"@type\":\"ListItem\",\"position\":1,\"name\":\"Home\",\"item\":\"https:\/\/zlobek3plock.pl\/\"},{\"@type\":\"ListItem\",\"position\":2,\"name\":\"Dy\u017cur\"}]},{\"@type\":\"WebSite\",\"@id\":\"https:\/\/zlobek3plock.pl\/#website\",\"url\":\"https:\/\/zlobek3plock.pl\/\",\"name\":\"\u017b\u0142obek Miejski nr 3 w P\u0142ocku\",\"description\":\"\",\"potentialAction\":[{\"@type\":\"SearchAction\",\"target\":{\"@type\":\"EntryPoint\",\"urlTemplate\":\"https:\/\/zlobek3plock.pl\/?s={search_term_string}\"},\"query-input\":{\"@type\":\"PropertyValueSpecification\",\"valueRequired\":true,\"valueName\":\"search_term_string\"}}],\"inLanguage\":\"en-US\"}]}<\/script>\n<!-- \/ Yoast SEO plugin. -->","yoast_head_json":{"title":"Dy\u017cur - \u017b\u0142obek Miejski nr 3 w P\u0142ocku","robots":{"index":"index","follow":"follow","max-snippet":"max-snippet:-1","max-image-preview":"max-image-preview:large","max-video-preview":"max-video-preview:-1"},"canonical":"https:\/\/zlobek3plock.pl\/?page_id=1256","og_locale":"en_US","og_type":"article","og_title":"Dy\u017cur - \u017b\u0142obek Miejski nr 3 w P\u0142ocku","og_description":"O\u015bwiadczenie poni\u017cej do uzupe\u0142nienia w przypadku z\u0142o\u017cenia wniosku &#8220;Aktywnie w \u017c\u0142obku&#8221;, w celu obni\u017cenia op\u0142aty w \u017c\u0142obku za pobyt o kwot\u0119 przyznanego dofinansowania.","og_url":"https:\/\/zlobek3plock.pl\/?page_id=1256","og_site_name":"\u017b\u0142obek Miejski nr 3 w P\u0142ocku","article_modified_time":"2025-05-21T11:14:36+00:00","twitter_card":"summary_large_image","twitter_misc":{"Est. reading time":"1 minute"},"schema":{"@context":"https:\/\/schema.org","@graph":[{"@type":"WebPage","@id":"https:\/\/zlobek3plock.pl\/?page_id=1256","url":"https:\/\/zlobek3plock.pl\/?page_id=1256","name":"Dy\u017cur - \u017b\u0142obek Miejski nr 3 w P\u0142ocku","isPartOf":{"@id":"https:\/\/zlobek3plock.pl\/#website"},"datePublished":"2024-10-21T10:48:10+00:00","dateModified":"2025-05-21T11:14:36+00:00","breadcrumb":{"@id":"https:\/\/zlobek3plock.pl\/?page_id=1256#breadcrumb"},"inLanguage":"en-US","potentialAction":[{"@type":"ReadAction","target":["https:\/\/zlobek3plock.pl\/?page_id=1256"]}]},{"@type":"BreadcrumbList","@id":"https:\/\/zlobek3plock.pl\/?page_id=1256#breadcrumb","itemListElement":[{"@type":"ListItem","position":1,"name":"Home","item":"https:\/\/zlobek3plock.pl\/"},{"@type":"ListItem","position":2,"name":"Dy\u017cur"}]},{"@type":"WebSite","@id":"https:\/\/zlobek3plock.pl\/#website","url":"https:\/\/zlobek3plock.pl\/","name":"\u017b\u0142obek Miejski nr 3 w P\u0142ocku","description":"","potentialAction":[{"@type":"SearchAction","target":{"@type":"EntryPoint","urlTemplate":"https:\/\/zlobek3plock.pl\/?s={search_term_string}"},"query-input":{"@type":"PropertyValueSpecification","valueRequired":true,"valueName":"search_term_string"}}],"inLanguage":"en-US"}]}},"_links":{"self":[{"href":"https:\/\/zlobek3plock.pl\/index.php?rest_route=\/wp\/v2\/pages\/1256","targetHints":{"allow":["GET"]}}],"collection":[{"href":"https:\/\/zlobek3plock.pl\/index.php?rest_route=\/wp\/v2\/pages"}],"about":[{"href":"https:\/\/zlobek3plock.pl\/index.php?rest_route=\/wp\/v2\/types\/page"}],"author":[{"embeddable":true,"href":"https:\/\/zlobek3plock.pl\/index.php?rest_route=\/wp\/v2\/users\/1"}],"replies":[{"embeddable":true,"href":"https:\/\/zlobek3plock.pl\/index.php?rest_route=%2Fwp%2Fv2%2Fcomments&post=1256"}],"version-history":[{"count":3,"href":"https:\/\/zlobek3plock.pl\/index.php?rest_route=\/wp\/v2\/pages\/1256\/revisions"}],"predecessor-version":[{"id":1373,"href":"https:\/\/zlobek3plock.pl\/index.php?rest_route=\/wp\/v2\/pages\/1256\/revisions\/1373"}],"wp:attachment":[{"href":"https:\/\/zlobek3plock.pl\/index.php?rest_route=%2Fwp%2Fv2%2Fmedia&parent=1256"}],"curies":[{"name":"wp","href":"https:\/\/api.w.org\/{rel}","templated":true}]}}